 highest common divisor of 3393 and k?
117
Let z = -76166 - -76238. Suppose 4*m - 40 = -m. What is the highest common factor of m and z?
8
Let s = -12076 + 17576. What is the greatest common factor of 220 and s?
220
Suppose -3*x - 8*x = 4*x - 7695. Calculate the greatest common divisor of x and 798.
57
Suppose 0 = -18*m + 13*m + 2*n + 27928, 0 = -5*m - 3*n + 27908. What is the greatest common factor of m and 144?
16
Suppose 3*u = 4 + 35. Let h be 64586/(-258) + ((-4)/6 - 0). Let r = -43 - h. What is the greatest common factor of r and u?
13
Let d = -10932 + 12021. Calculate the highest common divisor of d and 693.
99
Let b(n) = 99*n - 2035. Let w be b(39). Calculate the highest common divisor of w and 242.
22
Let r = 1794 + -1784. Calculate the greatest common divisor of r and 430.
10
Let l = 25679 - 25539. Calculate the greatest common divisor of l and 2772.
28
Let r(o) = 10*o**2 - 6*o - 140. Let i be r(-12). What is the highest common factor of i and 112?
28
Suppose 2*b - 5*a = 208, 3*a = -161*b + 156*b + 427. Calculate the greatest common factor of 7209 and b.
89
Let w = 13568 + -13378. Let g(a) = -13*a - 1. Let b be g(-3). What is the greatest common factor of b and w?
38
Let d = -4852 + 4873. Calculate the greatest common divisor of 3423 and d.
21
Suppose -41*o = -39*o - 58. Let y = o + -8. Suppose y = 24*n - 17*n. Calculate the greatest common factor of 2 and n.
1
Suppose -2*p + 28 = -0*p. Suppose -85 = 8*n + 83. Let y be (285/21 + (-9)/n)*11. What is the greatest common divisor of y and p?
14
Suppose 3*v = 8*v - 90. Let g be (-200)/32 - ((-18)/8)/9. Let l be (-34049)/(-237) - ((-4)/g - 1). Calculate the highest common divisor of v and l.
18
Let d(r) = 13*r + 6. Let x be d(1). Suppose 0 = -5*h + x + 41. Calculate the greatest common divisor of h and 108.
12
Let d = 3831 - 3799. Let f(b) = 3*b**3 + 4*b**2 + 2*b + 2. Let i be f(-3). Let x = 81 + i. Calculate the greatest common divisor of x and d.
32
Let o = 3588 + -3383. What is the highest common divisor of 10 and o?
5
Let w be -12 + 3 + (1116 - 222). Calculate the highest common factor of 1593 and w.
177
Let u(h) = -14*h - 16. Suppose -3*o - 5*b + 5 = 38, 3*b = -9. Let k be u(o). What is the highest common divisor of k and 187?
17
Let m be -1 - (-106659)/81 - (-3)/27*2. What is the highest common divisor of m and 196?
28
Suppose -5*k + 170 = 5*n, -3*k - 2*n + 109 - 9 = 0. What is the greatest common factor of k and 208?
16
Let d be 39/(-91) + 11492/28. Calculate the highest common divisor of 260 and d.
10
Let g(s) = 4*s**2 - 24. Let b be g(-6). What is the greatest common factor of 320 and b?
40
Let r = 2 + -2. Suppose 4*o + 3 = -3*p + 45, -45 = -3*p - 5*o. Suppose -y - 4*y - 4*u + 45 = r, y + u = p. Calculate the greatest common divisor of y and 2.
1
Suppose -114*y + 2431337 = 653393. What is the highest common divisor of y and 56?
28
Let z be 16 + 9 + (-23 - -9). Let f = 187 - 110. What is the greatest common factor of f and z?
11
Let s(o) = 18 + 446*o**2 + 443*o**2 + 16*o - 888*o**2. Let g be s(-18). Let r(q) = -q - 1. Let l be r(-7). What is the greatest common factor of g and l?
6
Let x = -136 + 138. Suppose -9*q = -x*a - 4*q + 152, -3*q = 5*a - 318. Calculate the greatest common divisor of 858 and a.
66
Suppose 0 = -1227*u + 1194*u + 2277. Let q = 324 + -186. Calculate the greatest common factor of q and u.
69
Suppose -39*l - 476 + 9470 = 531. Calculate the greatest common divisor of l and 70.
7
Suppose -48*p = -3*z - 45*p + 1497, -464 = -z - 4*p. What is the greatest common divisor of z and 24?
12
Let x(b) = -798*b - 629. Let w be x(-1). Calculate the highest common divisor of 10647 and w.
169
Let n = 587 - 559. Calculate the highest common factor of n and 5404.
28
Suppose -a - 6 = -60. Let k(c) = c**2 - 4*c + 6. Let y be 0*-3*2/(-12). Let w be k(y). What is the highest common factor of w and a?
6
Let u = -54060 - -54385. Let r = 13 + 0. What is the greatest common factor of u and r?
13
Let o = 867 + -552. Suppose 4*p + 533 = 3*v, -5*v - o + 1182 = 4*p. Suppose 0 = 2*k + 81 - 221. What is the greatest common factor of v and k?
35
Let y = 4 + 11. Suppose 0 = -32*d + 42*d. Let c be (61 - 51)/(d - 2/(-12)). What is the highest common divisor of c and y?
15
Let g(j) = 15*j + 2. Let s be g(6). Suppose -3*t = 5*v - s, 5*v = -2*t + 4 + 64. Calculate the highest common divisor of t and 8.
8
Let g = -201 - -204. Let d be -1 + (114/(-9))/((-2)/g). Calculate the highest common divisor of 126 and d.
18
Let a(h) = 52*h**2 + 158*h - 3450. Let w be a(24). Calculate the greatest common divisor of w and 33.
33
Let f(x) = 30*x + 565. Let l be f(-5). What is the greatest common factor of 1411 and l?
83
Let v(r) = r**3 + 6*r**2 - 9*r - 2. Let t(n) = -n**3 + n**2 + n. Let a(d) = -2*t(d) - v(d). Let k be a(8). Calculate the greatest common divisor of k and 435.
29
Suppose -8*q - 3159 = -19*q - 2*q. Let m be (-81)/(-3) + (1 - 1). Calculate the highest common divisor of m and q.
27
Suppose 0 = -c - 5*v + 4 - 17, v = -3. Suppose -2*x - 74 - 38 = -c*h, 192 = 3*h + 5*x. Suppose -4*j = h - 259. Calculate the highest common divisor of 20 and j.
10
Suppose 0 = -3*n - n + 5*f + 276, -4*n + 3*f = -276. Let y(j) = 2*j**3 - 2*j**2 - 5*j + 161. Let l be y(0). What is the greatest common factor of n and l?
23
Let c be (3570/(-408))/((-5)/16). Calculate the greatest common factor of c and 322.
14
Suppose 0 = -5*j - 4*o + 5, 10 = -j + 4*o + 35. Let y be (-80)/(-40) - (-252 + 2). Suppose 11*a - j*a - y = 0. What is the highest common divisor of a and 42?
42
Let y be ((-2)/(-5))/(8/80). Calculate the highest common divisor of 34 and y.
2
Let m be ((-658)/(-2))/(6 + (188/(-12) - -10)). Calculate the greatest common factor of m and 611.
47
Let x = -4497 - -5432. Calculate the greatest common divisor of x and 77.
11
Let t(y) = 9*y - 13*y + 4*y + 6*y + 53. Let d be t(-9). Let z be (-32)/(-80) - ((-156)/10 - d). What is the greatest common factor of 15 and z?
15
Let n = 694 + -540. Calculate the highest common divisor of n and 42.
14
Suppose -2815 = -5*o + 5*p, -4*p + 22 - 6 = 0. Suppose 12278 = 233*a - 2401. Calculate the highest common divisor of o and a.
63
Let a(t) = -t**3 - 19*t**2 - 9*t - 103. Let v be a(-9). Let u = v - -844. Calculate the highest common divisor of u and 164.
4
Suppose 0 = -0*k - 4*k + 152. Let j be -3 - 11/(77/(-49)). What is the highest common divisor of j and k?
2
Suppose -388*k + 72692 + 97252 = 0. What is the greatest common factor of k and 18?
6
Let q = -130 - -138. Let j be 18*(6/(-4) + -5 + q). Suppose -2*w + j = -47. Calculate the greatest common divisor of 296 and w.
37
Suppose 6*b = 5*b. Suppose 4*l - 7 - 5 = b. Suppose -l*f = -3*j + 2*j - 71, -47 = -f + 5*j. Calculate the greatest common divisor of f and 2.
2
Let j = -50 - -54. Suppose -m + 8 = -5*b, 7 = 2*m - 5*b - j. Suppose -s + 19 = -3*t, -3*t = -m*s - 0*s + 33. Calculate the greatest common factor of s and 21.
7
Let x = 2727 - 2366. What is the highest common divisor of 304 and x?
19
Suppose 4*n - 2*b = 544, -78*n - 3*b = -74*n - 564. What is the greatest common divisor of 5313 and n?
69
Let a = -5 - -21. Let o be 39/(-26) + 3/(36/210). What is the highest common factor of o and a?
16
Let i be 2 + -3 + 135 - 0. Suppose 2*n + 5*v = i, -v - 4 = v. Suppose -2*a = -258 - n. What is the highest common factor of a and 15?
15
Let l(d) = 45*d**2 - 43*d + 4. Let g be l(8). Calculate the highest common divisor of 10 and g.
10
Suppose 62*q = 66*q, -q = 4*m - 1668. What is the greatest common divisor of m and 3197?
139
Suppose -285 = 122*w - 127*w. Let y be w/9 - 16/(-24). What is the highest common divisor of 77 and y?
7
Let w(u) = -23*u - 1065. Let y be w(-63). What is the highest common divisor of y and 672?
96
Let g = 12663 + -12642. Calculate the greatest common factor of g and 867.
3
Let k(u) = u**3 + 3*u**2 - 2*u + 4. Suppose -3*b + 5 = 2*v - 3, v = 5*b - 9. Let r be k(b). Let z = r - 11. Calculate the greatest common divisor of 1 and z.
1
Let k(u) = 92*u - 114. Let y be k(8). Let a = 657 - y. Suppose -4*d - 2*c + 62 = d, -2*c = 8. What is the greatest common factor of a and d?
7
Let y(i) = -3*i**2 - i + 5. Let u be y(0). Suppose 4*m + u*b + b - 170 = 0, -4*b - 4 = 0. What is the highest common factor of m and 33?
11
Suppose 4 = 9*i 